of 1 + (-6 - (-1 + 1))?
-5
What is -40 + 39 - (0 + 4)?
-5
Evaluate (-4 - 3) + 5 + (10 - 0).
8
-3 + (-6 + 1 - -4)
-4
What is the value of 1 + 2 + -4 - (6 + -2)?
-5
Calculate 3 - 9 - (0 - 1).
-5
What is 0 + 5 - (5 + (11 - 11))?
0
Calculate -4 + 7 + (3 - (1 + 3)).
2
What is 3 + -4 + 0 - 3 - 1?
-5
Calculate 1 + 3 + 0 + 1.
5
What is the value of 4 - (4 + -3) - (9 - 1)?
-5
Calculate -4 + 8 - (4 + 0 + -2).
2
What is the value of (67 - 57) + (1 - 6) - 0?
5
What is the value of (-2 - -9) + (-4 - -2)?
5
6 + (1 - 11) + 1 + 1
-2
What is the value of -16 + 22 + -16 + 3?
-7
Evaluate -6 - (4 - -1 - 13).
2
Calculate 14 + -12 + 4 - 9.
-3
7 - 0 - (33 - 24)
-2
What is 4 + 1 + (-13 - -9)?
1
Calculate -4 - (-10 + 0 - -1) - 2.
3
Calculate -2 - -1 - (19 - (-13 + 32)).
-1
-7 + (-2 - (-2 + 8)) + 15
0
Evaluate (5 - (3 - 7)) + 1.
10
10 + (-3 - 11) + 13
9
What is the value of -4 - (4 - (5 + 3 + -4))?
-4
Evaluate -1 - (-13 + 7) - (3 - -3).
-1
What is -11 - (-9 + 7 + -4)?
-5
What is the value of (6 + -4 - -6 - 1) + -5?
2
What is -7 + (-3 - 0) + 16?
6
Evaluate -3 + 1 + 2 + (-31 - -27).
-4
What is (16 - (10 + 1)) + (-10 - 0)?
-5
Evaluate 0 - (-5 + 5 + 3).
-3
18 + -25 + 19 + 1 + -2
11
What is the value of -121 - -130 - (6 - 0)?
3
What is the value of 4 + (-15 - -9 - (-1 + -1))?
0
Calculate -3 + 2 + (5 - 2).
2
Evaluate (3 - (-2 - -3)) + -4.
-2
2 + -3 + -4 + 3 - 5
-7
Evaluate 10 - 4 - 5 - (-2 - -4).
-1
Calculate 3 + (-3 - (-2 + 1)) + 2.
3
What is the value of -9 + (7 - -1) + (-1 - -2)?
0
Evaluate (-3 - 1) + (2 - -1).
-1
What is 5 - 2 - (-2 + 10)?
-5
What is -10 - (-1 - (-6 + 1 + 11))?
-3
-3 + -2 + 3 + -1
-3
0 + 1 + -2 - 1 - 0
-2
-1 + 1 - ((-4 - -3) + -4)
5
Calculate -3 - (-11 + 4) - 6.
-2
What is 6 - ((0 - -5 - 2) + -6)?
9
5 + (2 - (-6 - -9))
4
(-9 - -6) + 14 - 11
0
Calculate -1 - 2 - (2 + -6) - -3.
4
Evaluate 1 - 5 - (-13 + 7) - 0.
2
What is -34 + 28 + 2 + 5?
1
1 + -5 + 6 + -1
1
Evaluate (-1 - -11) + (84 - 93).
1
Calculate (13 - 14) + 4 + (1 - -1).
5
What is (-3 - -9) + (2 - -2 - 5)?
5
What is 0 + 3 - (-1 + 0 + 1)?
3
(4 - (-2 - -3)) + -4
-1
What is 5 - 3 - 4 - -6?
4
-4 - (-5 - (9 + -4 + -7))
-1
Calculate (4 - (-7 + 11)) + 2.
2
Calculate (1 + -4 - 0) + 8 - 9.
-4
What is the value of 4 - -1 - (10 - 1) - -1?
-3
Calculate 5 + (0 - 2) + (-83 - -89).
9
Calculate (3 + -12 - 11) + 12.
-8
Calculate 2 + -17 + 10 - 2.
-7
Calculate (23 - 19) + -5 - (1 - -5).
-7
Evaluate (0 - 4) + (-4 - (-7 - -4)).
-5
Calculate -5 - (-1 - (1 - 3) - 1).
-5
What is (-8 - -4 - -5) + 3 + 1?
5
What is (-4 - 2) + 1 + 2 - 1?
-4
What is the value of 4 + -7 + 3 + (-12 - -8)?
-4
What is 0 + -3 + (-2 - 0)?
-5
What is -1 + -15 + -11 + 21?
-6
What is the value of 56 + -57 - (-1 + 7)?
-7
What is (11 + -5 - 6) + 0?
0
Calculate (10 - (2 + -7 - -8)) + -7.
0
What is 1 + (2 - (-2 + 8 + 0))?
-3
What is 6 + (-8 - (3 - 1))?
-4
(6 - (1 - -1)) + -9
-5
What is (-1 - (-1 + 3 + -3)) + 4?
4
Calculate (-8 - -12) + (0 - 13) - -5.
-4
What is the value of -2 - 0 - (13 + -18 + 8)?
-5
Evaluate -10 + (9 - (14 + -13)).
-2
(5 + -2 - -1) + 4 + -8
0
What is the value of 3 + -3 + -7 + 3 - -2?
-2
Evaluate 13 + -5 - (13 + 0).
-5
What is the value of 0 + (-3 - (-7 + 14))?
-10
Calculate (-4 - -2) + 1 + 2 + 0.
1
Evaluate -4 + (-1 - (2 + -2)).
-5
(4 - (-3 + 6)) + 1 + -2
0
Calculate 3 - (-5 + -9 + 5 + 6).
6
What is the value of 2 + -4 + (-3 - -8) + -2?
1
What is (2 - 2 - 3) + (1 - 2)?
-4
What is the value of -2 - (-5 + 8 + 0)?
-5
What is -1 + 2 + (1 - 0) + -1?
1
Calculate -41 - -47 - (-2 + 8).
0
Evaluate 3 - 1 - (-2 + (-1 - -6)).
-1
Evaluate -6 + 32 + -15 + -15.
-4
What is the value of -6 - ((8 - 2) + -6 + -3)?
-3
Calculate (-5 - -8 - -5) + -16.
-8
Calculate -4 - (4 - 9) - (-2 + 1).
2
What is 0 - (4 + -2 + -1) - 1?
-2
Calculate 0 - (4 + 2 + -12).
6
Evaluate -5 - ((0 - 2) + 0) - -5.
2
What is the value of -1 + -3 + 1 - (6 + -13)?
4
5 + 1 + -10 + (19 - 20)
-5
Calculate 12 + -5 + -8 - (1 - 3).
1
What is 4 + (4 - (-1 - 2 - -7))?
4
Calculate -2 - (-7 - 0) - -3.
8
What is -2 + 3 + (0 - 3) + 1?
-1
What is the value of -7 + 14 + -19 - -14?
2
What is (2 - 0 - (-9 - -13)) + -1?
-3
Evaluate 2 + (-2 - 2) + 2 + 5.
5
What is 7 + -3 + (-3 - (-2 + 0))?
3
What is the value of -2 - ((0 + 4 - 2) + -6)?
2
Evaluate -8 + 0 - (-13 + 28 - 22).
-1
What is (14 - 6) + -8 + -10?
-10
What is -9 + 3 + 5 + (-2 - 1)?
-4
What is 4 - (-7 + 12 + -1) - 2?
-2
What is -1 - (2 + 3 + -3)?
-3
What is -8 + -2 + -2 + 8?
-4
Evaluate 2 - (1 - -3 - (25 - 15)).
8
(-1 + 2 - 7) + 12
6
What is -3 + 7 + -10 + (0 - -5)?
-1
Evaluate -6 + 5 - (-3 + 6).
-4
What is (2 - 4) + 0 - 0?
-2
Evaluate 2 - (5 - 9 - -3).
3
Evaluate -19 - (-12 - (-6 + 7)).
-6
What is (4 - 3) + -24 + 24?
1
-18 + 17 - (1 + 1 + 1)
-4
-3 + -4 + 5 + 5
3
-5 + (0 - -12) - 6
1
(-5 - -3) + 2 - 2 - -3
1
What is the value of 2 - (14 - (0 + 7))?
-5
Calculate -1 - (11 + -6 + -6 + -4).
4
What is 8 - 4 - 3 - 2 - -4?
3
What is the value of -3 + -8 + 17 + -12?
-6
Evaluate -2 - (10 + -6 + -2).
-4
What is -5 - (1 - (-1 + 3 + 5))?
1
Evaluate -14 - ((-5 - 10) + -7).
8
What is (5 - (-6 - -6) - 5) + 7?
7
What is the value of -7 - -6 - (-1 - -3)?
-3
What is the value of 8 - (0 + 3 + 3)?
2
Evaluate -3 - 0 - (7 - 13 - -2).
1
-5 + 2 - (-3 - (-1 + 0))
-1
What is -1 + 2 + 1 - (1 - 4)?
5
Calculate -3 + -6 - 1 - -6.
-4
-2 + 3 + (2 - 8)
-5
What is (4 - 7) + -4 + -2 + 4?
-5
-5 - (5 - (5 + -4))
-9
What is 2 + (-4 - -4) - 4?
-2
What is the value of 2 + (1 - (-3 + 5 - 1))?
2
-1 - (1 + (-2 - -5))
-5
What is -5 + 5 - 2 - -2?
0
Evaluate (-7 - -2) + 23 + -17.
1
What is the value of -9 + ((-7 - -6) + 6 - 1)?
-5
What is the value of -7 - (-2 + -5 + 4 - -1)?
-5
Evaluate 5 + -9 + -3 - -5.
-2
Evaluate 3 - 2 - (9 - 7) - 6.
-7
What is the value of -9 - (-6 - 1) - (1 - 2)?
-1
-8 - -1 - (-1 - (-1 + 7))
0
What is (-4 - (8 - 0)) + -1 + 6?
-7
What is the value of (8 - (12 + 0)) + 1?
-3
What is (0 + 8 - 4) + -3 + 1?
2
Calculate 2 - -1 - (8 + (3 - 9)).
1
Evaluate -7 - (6 - 9) - (-3 + 1).
-2
What is 7 - (-1 + (5 - 0) + -1)?
4
What is the value of 1 + 1 - ((-3 - -8) + -8)?
5
(1 - 4) + -2 - 4 - -5
-4
What is -3 + (3 + -1 - (-2 + -2))?
3
What is the value of 11 + -10 + -3 + 6?
4
-1 + (1 + 3 - -4) - 4
3
Evaluate -122 + 118 + (-1 - -6).
1
Calculate (-2 - (0 - 1)) + -2.
-3
Calculate -9 + 1 + 13 + (-1 - 6).
-2
What is the value of (1 - 5 - 1) + 1 - -5?
1
What is the value of (9 - 4 - 10) + 1?
-4
Evaluate 1 + (0 - -2) + 5 + -10.
-2
Evaluate -3 + (4 - -3) + -3.
1
What is the value of 0 + (-3 - 0) + (9 - 3)?
3
Evaluate -7 + 24 + -11 + -5.
1
What is the value of -1 + 2 - (1 + 6 - 2)?
-4
(15 - 23) + 11 + -2
1
What is the value of 8 + (-9 - -4) + -6?
-3
Evaluate -2 + 2 + -6 + (-4 - -10).
0
What is 3 + (2 - (-6 + 10))?
1
Evaluate 1 + 0 - (-61 - -68).
-6
What is the value of 11 + 6 + -10 + -1?
6
117 - 111 - (2 + 0)
4
Calculate 1 + 8 + (0 - 8).
1
What is -9 + 7 - -4 - (6 - 0)?
-4
Calculate -9 - (-15 + 5) - 2.
-1
What is the value of 8 - -3 - (0 + 6)?
5
Calculate 69 - 62 - (-1 - -14).
-6
What is (11 - 2 - (0 + 3)) + -3?
3
Calculate 2 - 1 - 1 - 3.
-3
What is (3 - 9) + -1 + 2 + 2?
-3
What is the value of -2 - (9 - 6 - 4)?
-1
What is the value of (14 - (13 + -5)) + -9 - -9?
6
What is the value of -3 - -11 - (-1 + 4)?
5
What is the value of -13 + 8 - -5 - -2?
2
Calculate 2 - 6 - -6 - 1.
1
What is -1 + (-2 - -3) - 2 - 3?
-5
What is the value of -2 - -3 - 3 - -1?
-1
What is the value of 22 + -30 - (-3 + -6)?
1
-4 + -4 + (5 - -1)
-2
Calculate 5 - -6 - 7 - (3 - -4).
-3
What is -7 - (0 + -6 + 6)?
-7
Calculate (-2 - -6) + 1 + -8.
-3
Calculate (-2 + -3 - -5 - -5) + -5.
0
1 + -8 + -2 - -13
4
What is the value of (5 - 10 - -5) + 3?
3
What is the value of (-1 - -5) + -4 + (-1 - -2)?
1
What is (5 - 0) + 0 + 3?
8
Evaluate (1 - 0) + (-1 - 0) - -3.
3
What is (-6 - -1) + (-3 + -5 - -11)?
-2
Evaluate -5 + 3 + 3 + -3 + 6.
4
Evaluate 1 - -1 - (2 + -3 + -1).
4
Evaluate (1 - -1) + (0 - 1) + 1.
2
Evaluate 1 + -5 + (-46 - -53) - 6.
-3
What is (-4 - (4 - 3)) + -1 + 1?
-5
What is -2 + (-4 - (6 - (10 + -4)))?
-6
What is the value of 0 + -5 + -5 + 9?
-1
What is 0 + (9 - 2) + -6?
1
What is -4 + 6 + -5 - (-4 + -1)?
2
Evaluate (-13 - -11) + 1 + -1.
-2
Evaluate 2 + (-1 - -2) + 1 + -10.
-6
0 - (-9 - -4) - (1 + -1)
5
3 + 5 + -1 + -2
5
(-1 - 0) + (0 - (-11 + 5))
5
What is 3 + 0 + (6 - 8) + 0?
1
Calculate 2 + 1 + -2 - (-4 - -2).
3
What i